{"id":18,"date":"2016-02-29T09:48:50","date_gmt":"2016-02-29T09:48:50","guid":{"rendered":"http:\/\/pon-von-der-wuschelbande.de\/?page_id=18"},"modified":"2025-02-18T12:05:58","modified_gmt":"2025-02-18T12:05:58","slug":"pon-zuechter-pon-rassebeschreibung-pon-welpen","status":"publish","type":"page","link":"https:\/\/pon-von-der-wuschelbande.de\/?page_id=18","title":{"rendered":"Der PON"},"content":{"rendered":"<p><strong>Polnischer Niederungsh\u00fctehund\u00a0<\/strong><\/p>\n<p><strong> PON\u00a0<\/strong><\/p>\n<p><strong> Polski Owczarek Nizinny <\/strong><\/p>\n<p><strong>Polish Lowland Sheepdog<\/strong><\/p>\n<p><strong>Berger polonais de plain<\/strong><\/p>\n<p>Allgemeine Erscheinung und Verhaltensmerkmale:<\/p>\n<p>Der PON ist ein H\u00fctehund mittlerer Gr\u00f6\u00dfe, mit guter Substanz, muskul\u00f6s, mit langem und dichtem Fell, von lebhaftem aber gem\u00e4\u00dfigtem Temperament, wachsam, wendig, intelligent, ausgestattet mit gutem Ged\u00e4chtnis und Aufnahmebereitschaft.<\/p>\n<p>Er ist ein treuer, seinen Menschen sehr ergebener Begleiter und Gef\u00e4hrte. Sein ausgepr\u00e4gter H\u00fctetrieb und seine gro\u00dfe Anh\u00e4nglichkeit lassen ihn gern und freiwillig in der N\u00e4he seiner Familie verweilen. Er ist kein Wilderer und er neigt nicht zum streunen. Er ist lernfreudig und hat ein ausgezeichnetes Ged\u00e4chtnis.<\/p>\n<p>Im Umgang mit anderen Hunden zeigt er sich freundlich mit einem intakten, artgerechten Sozialverhalten. Umweltreizen- und anforderungen begegnet er gelassen. Verhaltensst\u00f6rungen sind nahezu unbekannt. Zu fremden Menschen ist er zun\u00e4chst zur\u00fcckhaltend aber freundlich im Umgang mit Kindern.<\/p>\n<p>Der Standard des PON, nach dem FCI-Standard Nr. 251 D<br \/>\nWiderristh\u00f6he:<br \/>\nR\u00fcden 45-50 cm<br \/>\nH\u00fcndinnen 42-47 cm<\/p>\n<p>Gewicht: von ca. 16 bis 20 kg<br \/>\nFarben: alle Farben und Flecken erlaubt<\/p>\n<p><strong>Geschichte:<\/strong><br \/>\nAls rasseloser aber mutiger In der polnischen Literatur ist der PON seit dem 9. Jahrhundert als Rassetyp zu finden. Um 1500 reiste ein polnischer Kaufmann nach Schottland. Au\u00dfer der Ladung und der Mannschaft fanden sich auch noch einige PON-\u00e4hnliche Hunde an Bord des Schiffes, mit dem das Ziel erreicht werden sollte. In Schottland wurde dann Getreide gegen Schafe eingetauscht. Hier waren die PON-Vorfahren ganz in ihrem Element. Ihre Arbeit mit der Herde gefiel einem Schotten sehr gut. Er bot dem polnischen Gast den Tausch von einem Lamm und einem Bock gegen zwei H\u00fcndinnen und einen R\u00fcden. Man ist sich mit den britischen Kynologen dar\u00fcber einig, dass die sp\u00e4ter gegr\u00fcndeten Hunderassen &#8220;Bearded Collie&#8221; und &#8220;Bobtail&#8221; aus solchen Handeln hervorgegeangen sind. Bis zum Beginn des 20. Jahrhunderts wurden die Vorfahren des PON von Bauern und Sch\u00e4fern zum H\u00fcten von Schweinen und Schafen und auch G\u00e4nsen gez\u00fcchtet. Schon damals sorgte sorgf\u00e4ltige Zuchtselektion daf\u00fcr, dass nur Tiere mit guten Wach- und H\u00fcteeigenschaften zur Weiterzucht gelangten. Nach und nach traten diese H\u00fctehunde anl\u00e4\u00dflich der Ausstellung von Nutzvieh in Erscheinung. Sie begeisterten durch ihre Arbeitsfreude, ihr K\u00f6nnen, ihre Gesundheit, und ihr pflegeleichtes, wetterunabh\u00e4ngiges, ziegen\u00e4hnliches Fell. In Polen begann man nach dem ersten Weltkrieg sich dieses Hundetyps anzunehmen. Schon damals wurden erste Ver\u00e4nderungen gegen\u00fcber dem alten Typ vorgenommen. Diese beschreibt H. Zimmermann in seinem &#8220;Lexikon der Hundefreunde&#8221; 1935. Der zweite Weltkrieg zerst\u00f6rte den bescheidenen Zuchtbeginn, s\u00e4mtliche Zuchtunterlagen und den Bestand der ausgew\u00e4hlten Zuchthunde. Aber es gab die sogenannten &#8220;Dorfk\u00f6ter&#8221; die den ehemaligen Zuchttieren entsprachen. Diese enstanden aus zuf\u00e4lligen &#8220;Beziehungen&#8221; diverser Rassen. So sicherlich auch mit den inzwischen ausgestorbenen deutschen Rassehunden wie H\u00fctespitz, Schafpudel und dem pommerschen H\u00fctehund, aber ganz sicher auch aus den ehemaligen PON-Zuchthunden. F\u00fcr die PON-Freunde begann eine harte Arbeit: Nach 15 Jahren der Auslese und Suche. Besonders durch die inzwischen verstorbene Frau Dubrawinowa und der z\u00fcchterischen Ma\u00dfnahme durch Frau Dr. Danuta Hryniewiczin ihrem noch heute bestehenden Zwinger &#8220;z Kordegardy&#8221;, gelang es, aus den &#8220;Dorfk\u00f6tern&#8221; eine ausgewogene, ansprechende Rasse zu formen. Quelle: VDH<\/p>\n","protected":false},"excerpt":{"rendered":"<p>Polnischer Niederungsh\u00fctehund\u00a0 PON\u00a0 Polski Owczarek Nizinny Polish Lowland Sheepdog Berger polonais de plain Allgemeine Erscheinung und Verhaltensmerkmale: Der PON ist ein H\u00fctehund mittlerer Gr\u00f6\u00dfe, mit guter Substanz, muskul\u00f6s, mit langem und dichtem Fell, von lebhaftem aber gem\u00e4\u00dfigtem Temperament, wachsam, wendig, intelligent, ausgestattet mit gutem Ged\u00e4chtnis und Aufnahmebereitschaft. Er ist ein treuer, seinen Menschen sehr ergebener &hellip; <\/p>\n<p class=\"link-more\"><a href=\"https:\/\/pon-von-der-wuschelbande.de\/?page_id=18\" class=\"more-link\"><span class=\"screen-reader-text\">\u201eDer PON\u201c<\/span> weiterlesen<\/a><\/p>\n","protected":false},"author":1,"featured_media":916,"parent":0,"menu_order":0,"comment_status":"closed","ping_status":"closed","template":"","meta":{"footnotes":""},"class_list":["post-18","page","type-page","status-publish","has-post-thumbnail","hentry"],"yoast_head":"<!-- This site is optimized with the Yoast SEO plugin v24.4 - https:\/\/yoast.com\/wordpress\/plugins\/seo\/ -->\n<title>Der PON - PON von der Wuschelbande<\/title>\n<meta name=\"description\" content=\"pon welpen, pon z\u00fcchter, polski owczarek nizinny\" \/>\n<meta name=\"robots\" content=\"index, follow, max-snippet:-1, max-image-preview:large, max-video-preview:-1\" \/>\n<link rel=\"canonical\" href=\"https:\/\/pon-von-der-wuschelbande.de\/?page_id=18\" \/>\n<meta property=\"og:locale\" content=\"de_DE\" \/>\n<meta property=\"og:type\" content=\"article\" \/>\n<meta property=\"og:title\" content=\"Der PON - PON von der Wuschelbande\" \/>\n<meta property=\"og:description\" content=\"pon welpen, pon z\u00fcchter, polski owczarek nizinny\" \/>\n<meta property=\"og:url\" content=\"https:\/\/pon-von-der-wuschelbande.de\/?page_id=18\" \/>\n<meta property=\"og:site_name\" content=\"PON von der Wuschelbande\" \/>\n<meta property=\"article:modified_time\" content=\"2025-02-18T12:05:58+00:00\" \/>\n<meta property=\"og:image\" content=\"https:\/\/pon-von-der-wuschelbande.de\/wp-content\/uploads\/2016\/02\/Leila-01-1-1024x681.jpg\" \/>\n\t<meta property=\"og:image:width\" content=\"1024\" \/>\n\t<meta property=\"og:image:height\" content=\"681\" \/>\n\t<meta property=\"og:image:type\" content=\"image\/jpeg\" \/>\n<meta name=\"twitter:card\" content=\"summary_large_image\" \/>\n<meta name=\"twitter:label1\" content=\"Gesch\u00e4tzte Lesezeit\" \/>\n\t<meta name=\"twitter:data1\" content=\"3\u00a0Minuten\" \/>\n<script type=\"application\/ld+json\" class=\"yoast-schema-graph\">{\"@context\":\"https:\/\/schema.org\",\"@graph\":[{\"@type\":\"WebPage\",\"@id\":\"https:\/\/pon-von-der-wuschelbande.de\/?page_id=18\",\"url\":\"https:\/\/pon-von-der-wuschelbande.de\/?page_id=18\",\"name\":\"Der PON - PON von der Wuschelbande\",\"isPartOf\":{\"@id\":\"https:\/\/pon-von-der-wuschelbande.de\/#website\"},\"primaryImageOfPage\":{\"@id\":\"https:\/\/pon-von-der-wuschelbande.de\/?page_id=18#primaryimage\"},\"image\":{\"@id\":\"https:\/\/pon-von-der-wuschelbande.de\/?page_id=18#primaryimage\"},\"thumbnailUrl\":\"https:\/\/pon-von-der-wuschelbande.de\/wp-content\/uploads\/2016\/02\/Leila-01-1.jpg\",\"datePublished\":\"2016-02-29T09:48:50+00:00\",\"dateModified\":\"2025-02-18T12:05:58+00:00\",\"description\":\"pon welpen, pon z\u00fcchter, polski owczarek nizinny\",\"breadcrumb\":{\"@id\":\"https:\/\/pon-von-der-wuschelbande.de\/?page_id=18#breadcrumb\"},\"inLanguage\":\"de\",\"potentialAction\":[{\"@type\":\"ReadAction\",\"target\":[\"https:\/\/pon-von-der-wuschelbande.de\/?page_id=18\"]}]},{\"@type\":\"ImageObject\",\"inLanguage\":\"de\",\"@id\":\"https:\/\/pon-von-der-wuschelbande.de\/?page_id=18#primaryimage\",\"url\":\"https:\/\/pon-von-der-wuschelbande.de\/wp-content\/uploads\/2016\/02\/Leila-01-1.jpg\",\"contentUrl\":\"https:\/\/pon-von-der-wuschelbande.de\/wp-content\/uploads\/2016\/02\/Leila-01-1.jpg\",\"width\":4256,\"height\":2832},{\"@type\":\"BreadcrumbList\",\"@id\":\"https:\/\/pon-von-der-wuschelbande.de\/?page_id=18#breadcrumb\",\"itemListElement\":[{\"@type\":\"ListItem\",\"position\":1,\"name\":\"Startseite\",\"item\":\"https:\/\/pon-von-der-wuschelbande.de\/\"},{\"@type\":\"ListItem\",\"position\":2,\"name\":\"Der PON\"}]},{\"@type\":\"WebSite\",\"@id\":\"https:\/\/pon-von-der-wuschelbande.de\/#website\",\"url\":\"https:\/\/pon-von-der-wuschelbande.de\/\",\"name\":\"PON von der Wuschelbande\",\"description\":\"PON Welpen Polski Owczarek Nizinny APH \/ VDH \/  FCI\",\"potentialAction\":[{\"@type\":\"SearchAction\",\"target\":{\"@type\":\"EntryPoint\",\"urlTemplate\":\"https:\/\/pon-von-der-wuschelbande.de\/?s={search_term_string}\"},\"query-input\":{\"@type\":\"PropertyValueSpecification\",\"valueRequired\":true,\"valueName\":\"search_term_string\"}}],\"inLanguage\":\"de\"}]}<\/script>\n<!-- \/ Yoast SEO plugin. -->","yoast_head_json":{"title":"Der PON - PON von der Wuschelbande","description":"pon welpen, pon z\u00fcchter, polski owczarek nizinny","robots":{"index":"index","follow":"follow","max-snippet":"max-snippet:-1","max-image-preview":"max-image-preview:large","max-video-preview":"max-video-preview:-1"},"canonical":"https:\/\/pon-von-der-wuschelbande.de\/?page_id=18","og_locale":"de_DE","og_type":"article","og_title":"Der PON - PON von der Wuschelbande","og_description":"pon welpen, pon z\u00fcchter, polski owczarek nizinny","og_url":"https:\/\/pon-von-der-wuschelbande.de\/?page_id=18","og_site_name":"PON von der Wuschelbande","article_modified_time":"2025-02-18T12:05:58+00:00","og_image":[{"width":1024,"height":681,"url":"https:\/\/pon-von-der-wuschelbande.de\/wp-content\/uploads\/2016\/02\/Leila-01-1-1024x681.jpg","type":"image\/jpeg"}],"twitter_card":"summary_large_image","twitter_misc":{"Gesch\u00e4tzte Lesezeit":"3\u00a0Minuten"},"schema":{"@context":"https:\/\/schema.org","@graph":[{"@type":"WebPage","@id":"https:\/\/pon-von-der-wuschelbande.de\/?page_id=18","url":"https:\/\/pon-von-der-wuschelbande.de\/?page_id=18","name":"Der PON - PON von der Wuschelbande","isPartOf":{"@id":"https:\/\/pon-von-der-wuschelbande.de\/#website"},"primaryImageOfPage":{"@id":"https:\/\/pon-von-der-wuschelbande.de\/?page_id=18#primaryimage"},"image":{"@id":"https:\/\/pon-von-der-wuschelbande.de\/?page_id=18#primaryimage"},"thumbnailUrl":"https:\/\/pon-von-der-wuschelbande.de\/wp-content\/uploads\/2016\/02\/Leila-01-1.jpg","datePublished":"2016-02-29T09:48:50+00:00","dateModified":"2025-02-18T12:05:58+00:00","description":"pon welpen, pon z\u00fcchter, polski owczarek nizinny","breadcrumb":{"@id":"https:\/\/pon-von-der-wuschelbande.de\/?page_id=18#breadcrumb"},"inLanguage":"de","potentialAction":[{"@type":"ReadAction","target":["https:\/\/pon-von-der-wuschelbande.de\/?page_id=18"]}]},{"@type":"ImageObject","inLanguage":"de","@id":"https:\/\/pon-von-der-wuschelbande.de\/?page_id=18#primaryimage","url":"https:\/\/pon-von-der-wuschelbande.de\/wp-content\/uploads\/2016\/02\/Leila-01-1.jpg","contentUrl":"https:\/\/pon-von-der-wuschelbande.de\/wp-content\/uploads\/2016\/02\/Leila-01-1.jpg","width":4256,"height":2832},{"@type":"BreadcrumbList","@id":"https:\/\/pon-von-der-wuschelbande.de\/?page_id=18#breadcrumb","itemListElement":[{"@type":"ListItem","position":1,"name":"Startseite","item":"https:\/\/pon-von-der-wuschelbande.de\/"},{"@type":"ListItem","position":2,"name":"Der PON"}]},{"@type":"WebSite","@id":"https:\/\/pon-von-der-wuschelbande.de\/#website","url":"https:\/\/pon-von-der-wuschelbande.de\/","name":"PON von der Wuschelbande","description":"PON Welpen Polski Owczarek Nizinny APH \/ VDH \/  FCI","potentialAction":[{"@type":"SearchAction","target":{"@type":"EntryPoint","urlTemplate":"https:\/\/pon-von-der-wuschelbande.de\/?s={search_term_string}"},"query-input":{"@type":"PropertyValueSpecification","valueRequired":true,"valueName":"search_term_string"}}],"inLanguage":"de"}]}},"jetpack_sharing_enabled":true,"_links":{"self":[{"href":"https:\/\/pon-von-der-wuschelbande.de\/index.php?rest_route=\/wp\/v2\/pages\/18","targetHints":{"allow":["GET"]}}],"collection":[{"href":"https:\/\/pon-von-der-wuschelbande.de\/index.php?rest_route=\/wp\/v2\/pages"}],"about":[{"href":"https:\/\/pon-von-der-wuschelbande.de\/index.php?rest_route=\/wp\/v2\/types\/page"}],"author":[{"embeddable":true,"href":"https:\/\/pon-von-der-wuschelbande.de\/index.php?rest_route=\/wp\/v2\/users\/1"}],"replies":[{"embeddable":true,"href":"https:\/\/pon-von-der-wuschelbande.de\/index.php?rest_route=%2Fwp%2Fv2%2Fcomments&post=18"}],"version-history":[{"count":9,"href":"https:\/\/pon-von-der-wuschelbande.de\/index.php?rest_route=\/wp\/v2\/pages\/18\/revisions"}],"predecessor-version":[{"id":1528,"href":"https:\/\/pon-von-der-wuschelbande.de\/index.php?rest_route=\/wp\/v2\/pages\/18\/revisions\/1528"}],"wp:featuredmedia":[{"embeddable":true,"href":"https:\/\/pon-von-der-wuschelbande.de\/index.php?rest_route=\/wp\/v2\/media\/916"}],"wp:attachment":[{"href":"https:\/\/pon-von-der-wuschelbande.de\/index.php?rest_route=%2Fwp%2Fv2%2Fmedia&parent=18"}],"curies":[{"name":"wp","href":"https:\/\/api.w.org\/{rel}","templated":true}]}}