{"id":118,"date":"2016-03-02T09:13:08","date_gmt":"2016-03-02T09:13:08","guid":{"rendered":"http:\/\/pon-von-der-wuschelbande.de\/?page_id=118"},"modified":"2025-09-19T07:34:16","modified_gmt":"2025-09-19T07:34:16","slug":"bonny-vom-trappenberg","status":"publish","type":"page","link":"https:\/\/pon-von-der-wuschelbande.de\/?page_id=118","title":{"rendered":"Bonny vom Trappenberg"},"content":{"rendered":"<p><img loading=\"lazy\" decoding=\"async\" class=\"alignnone size-full wp-image-137\" src=\"http:\/\/pon-von-der-wuschelbande.de\/wp-content\/uploads\/2016\/02\/bonny_collage.jpg\" alt=\"bonny_collage\" width=\"2600\" height=\"2075\" srcset=\"https:\/\/pon-von-der-wuschelbande.de\/wp-content\/uploads\/2016\/02\/bonny_collage.jpg 2600w, https:\/\/pon-von-der-wuschelbande.de\/wp-content\/uploads\/2016\/02\/bonny_collage-300x239.jpg 300w, https:\/\/pon-von-der-wuschelbande.de\/wp-content\/uploads\/2016\/02\/bonny_collage-768x613.jpg 768w, https:\/\/pon-von-der-wuschelbande.de\/wp-content\/uploads\/2016\/02\/bonny_collage-1024x817.jpg 1024w, https:\/\/pon-von-der-wuschelbande.de\/wp-content\/uploads\/2016\/02\/bonny_collage-1200x958.jpg 1200w\" sizes=\"auto, (max-width: 706px) 89vw, (max-width: 767px) 82vw, 740px\" \/><\/p>\n<p>F\u00fcr immer und ewig in unser aller Herzen, <strong>unser<\/strong> <strong>Sonnenschein<\/strong> und <strong>Seelenhund Bonny<\/strong>, manchmal auch nur <strong>PON oder Fuchur<\/strong> genannt, ging 2015 mit 16 Jahren \u00fcber die Regenbogenbr\u00fccke. Wir vermissen sie immer noch &#8211; so sehr!<\/p>\n<p>Bonny vom Trappenberg &#8211; geb: 14.03.99, schwarz\/wei\u00df, HD -A, SH: 44 cm, Herzuntersuchung o.b.B &#8211; unsere s\u00fc\u00dfe Omi, sie begleitete uns <strong>\u00fcber 16 Jahre.<\/strong> Sie hatte 2 W\u00fcrfe, die sie \u00fcberschw\u00e4nglich versorgte, den <strong>A und B-Wurf<\/strong>. Die vielen Jahre begleitete sie uns als Familienhund, Therapiebegleithund und konnte in die Rettungshundearbeit schnuppern. Sie war eine sehr offene H\u00fcndin, die immer jeden Menschen sofort liebte und auch im Seniorenwohnheim ein gern gesehener Gasthund war.<\/p>\n<ul>\n<li>Das stolze Alter von \u00fcber 16 Jahren gab Bonny an einige ihrer Kinder weiter, so durften auch Tochter Amy \u00fcber 16 Jahre alt werden. Viele Nachkommen von Bonny und Amy wurden knapp 16 Jahre alt, wie Bommer, Bina-Nele.\u00a0 Cuma durfte 16 Jahre 3 Monate alt werden. Alle Nachkommen hatten beste gesundheitliche Ergebnisse.<\/li>\n<\/ul>\n<p><strong>Vater: Django vom Sonnenh\u00fcgel (VDH\/APH), Mutter: Yessika von der Rabenleite<\/strong><\/p>\n","protected":false},"excerpt":{"rendered":"<p>F\u00fcr immer und ewig in unser aller Herzen, unser Sonnenschein und Seelenhund Bonny, manchmal auch nur PON oder Fuchur genannt, ging 2015 mit 16 Jahren \u00fcber die Regenbogenbr\u00fccke. Wir vermissen sie immer noch &#8211; so sehr! Bonny vom Trappenberg &#8211; geb: 14.03.99, schwarz\/wei\u00df, HD -A, SH: 44 cm, Herzuntersuchung o.b.B &#8211; unsere s\u00fc\u00dfe Omi, sie &hellip; <\/p>\n<p class=\"link-more\"><a href=\"https:\/\/pon-von-der-wuschelbande.de\/?page_id=118\" class=\"more-link\"><span class=\"screen-reader-text\">\u201eBonny vom Trappenberg\u201c<\/span> weiterlesen<\/a><\/p>\n","protected":false},"author":1,"featured_media":287,"parent":10,"menu_order":5,"comment_status":"closed","ping_status":"closed","template":"","meta":{"footnotes":""},"class_list":["post-118","page","type-page","status-publish","has-post-thumbnail","hentry"],"yoast_head":"<!-- This site is optimized with the Yoast SEO plugin v24.4 - https:\/\/yoast.com\/wordpress\/plugins\/seo\/ -->\n<title>Bonny vom Trappenberg - PON von der Wuschelbande<\/title>\n<meta name=\"robots\" content=\"index, follow, max-snippet:-1, max-image-preview:large, max-video-preview:-1\" \/>\n<link rel=\"canonical\" href=\"https:\/\/pon-von-der-wuschelbande.de\/?page_id=118\" \/>\n<meta property=\"og:locale\" content=\"de_DE\" \/>\n<meta property=\"og:type\" content=\"article\" \/>\n<meta property=\"og:title\" content=\"Bonny vom Trappenberg - PON von der Wuschelbande\" \/>\n<meta property=\"og:description\" content=\"F\u00fcr immer und ewig in unser aller Herzen, unser Sonnenschein und Seelenhund Bonny, manchmal auch nur PON oder Fuchur genannt, ging 2015 mit 16 Jahren \u00fcber die Regenbogenbr\u00fccke. Wir vermissen sie immer noch &#8211; so sehr! Bonny vom Trappenberg &#8211; geb: 14.03.99, schwarz\/wei\u00df, HD -A, SH: 44 cm, Herzuntersuchung o.b.B &#8211; unsere s\u00fc\u00dfe Omi, sie &hellip; \u201eBonny vom Trappenberg\u201c weiterlesen\" \/>\n<meta property=\"og:url\" content=\"https:\/\/pon-von-der-wuschelbande.de\/?page_id=118\" \/>\n<meta property=\"og:site_name\" content=\"PON von der Wuschelbande\" \/>\n<meta property=\"article:modified_time\" content=\"2025-09-19T07:34:16+00:00\" \/>\n<meta property=\"og:image\" content=\"https:\/\/pon-von-der-wuschelbande.de\/wp-content\/uploads\/2016\/03\/IMG_bonny.jpg\" \/>\n\t<meta property=\"og:image:width\" content=\"1573\" \/>\n\t<meta property=\"og:image:height\" content=\"1185\" \/>\n\t<meta property=\"og:image:type\" content=\"image\/jpeg\" \/>\n<meta name=\"twitter:card\" content=\"summary_large_image\" \/>\n<meta name=\"twitter:label1\" content=\"Gesch\u00e4tzte Lesezeit\" \/>\n\t<meta name=\"twitter:data1\" content=\"2\u00a0Minuten\" \/>\n<script type=\"application\/ld+json\" class=\"yoast-schema-graph\">{\"@context\":\"https:\/\/schema.org\",\"@graph\":[{\"@type\":\"WebPage\",\"@id\":\"https:\/\/pon-von-der-wuschelbande.de\/?page_id=118\",\"url\":\"https:\/\/pon-von-der-wuschelbande.de\/?page_id=118\",\"name\":\"Bonny vom Trappenberg - PON von der Wuschelbande\",\"isPartOf\":{\"@id\":\"https:\/\/pon-von-der-wuschelbande.de\/#website\"},\"primaryImageOfPage\":{\"@id\":\"https:\/\/pon-von-der-wuschelbande.de\/?page_id=118#primaryimage\"},\"image\":{\"@id\":\"https:\/\/pon-von-der-wuschelbande.de\/?page_id=118#primaryimage\"},\"thumbnailUrl\":\"https:\/\/pon-von-der-wuschelbande.de\/wp-content\/uploads\/2016\/03\/IMG_bonny.jpg\",\"datePublished\":\"2016-03-02T09:13:08+00:00\",\"dateModified\":\"2025-09-19T07:34:16+00:00\",\"breadcrumb\":{\"@id\":\"https:\/\/pon-von-der-wuschelbande.de\/?page_id=118#breadcrumb\"},\"inLanguage\":\"de\",\"potentialAction\":[{\"@type\":\"ReadAction\",\"target\":[\"https:\/\/pon-von-der-wuschelbande.de\/?page_id=118\"]}]},{\"@type\":\"ImageObject\",\"inLanguage\":\"de\",\"@id\":\"https:\/\/pon-von-der-wuschelbande.de\/?page_id=118#primaryimage\",\"url\":\"https:\/\/pon-von-der-wuschelbande.de\/wp-content\/uploads\/2016\/03\/IMG_bonny.jpg\",\"contentUrl\":\"https:\/\/pon-von-der-wuschelbande.de\/wp-content\/uploads\/2016\/03\/IMG_bonny.jpg\",\"width\":1573,\"height\":1185},{\"@type\":\"BreadcrumbList\",\"@id\":\"https:\/\/pon-von-der-wuschelbande.de\/?page_id=118#breadcrumb\",\"itemListElement\":[{\"@type\":\"ListItem\",\"position\":1,\"name\":\"Startseite\",\"item\":\"https:\/\/pon-von-der-wuschelbande.de\/\"},{\"@type\":\"ListItem\",\"position\":2,\"name\":\"Unsere PON\",\"item\":\"https:\/\/pon-von-der-wuschelbande.de\/?page_id=10\"},{\"@type\":\"ListItem\",\"position\":3,\"name\":\"Bonny vom Trappenberg\"}]},{\"@type\":\"WebSite\",\"@id\":\"https:\/\/pon-von-der-wuschelbande.de\/#website\",\"url\":\"https:\/\/pon-von-der-wuschelbande.de\/\",\"name\":\"PON von der Wuschelbande\",\"description\":\"PON Welpen Polski Owczarek Nizinny APH \/ VDH \/  FCI\",\"potentialAction\":[{\"@type\":\"SearchAction\",\"target\":{\"@type\":\"EntryPoint\",\"urlTemplate\":\"https:\/\/pon-von-der-wuschelbande.de\/?s={search_term_string}\"},\"query-input\":{\"@type\":\"PropertyValueSpecification\",\"valueRequired\":true,\"valueName\":\"search_term_string\"}}],\"inLanguage\":\"de\"}]}<\/script>\n<!-- \/ Yoast SEO plugin. -->","yoast_head_json":{"title":"Bonny vom Trappenberg - PON von der Wuschelbande","robots":{"index":"index","follow":"follow","max-snippet":"max-snippet:-1","max-image-preview":"max-image-preview:large","max-video-preview":"max-video-preview:-1"},"canonical":"https:\/\/pon-von-der-wuschelbande.de\/?page_id=118","og_locale":"de_DE","og_type":"article","og_title":"Bonny vom Trappenberg - PON von der Wuschelbande","og_description":"F\u00fcr immer und ewig in unser aller Herzen, unser Sonnenschein und Seelenhund Bonny, manchmal auch nur PON oder Fuchur genannt, ging 2015 mit 16 Jahren \u00fcber die Regenbogenbr\u00fccke. Wir vermissen sie immer noch &#8211; so sehr! Bonny vom Trappenberg &#8211; geb: 14.03.99, schwarz\/wei\u00df, HD -A, SH: 44 cm, Herzuntersuchung o.b.B &#8211; unsere s\u00fc\u00dfe Omi, sie &hellip; \u201eBonny vom Trappenberg\u201c weiterlesen","og_url":"https:\/\/pon-von-der-wuschelbande.de\/?page_id=118","og_site_name":"PON von der Wuschelbande","article_modified_time":"2025-09-19T07:34:16+00:00","og_image":[{"width":1573,"height":1185,"url":"https:\/\/pon-von-der-wuschelbande.de\/wp-content\/uploads\/2016\/03\/IMG_bonny.jpg","type":"image\/jpeg"}],"twitter_card":"summary_large_image","twitter_misc":{"Gesch\u00e4tzte Lesezeit":"2\u00a0Minuten"},"schema":{"@context":"https:\/\/schema.org","@graph":[{"@type":"WebPage","@id":"https:\/\/pon-von-der-wuschelbande.de\/?page_id=118","url":"https:\/\/pon-von-der-wuschelbande.de\/?page_id=118","name":"Bonny vom Trappenberg - PON von der Wuschelbande","isPartOf":{"@id":"https:\/\/pon-von-der-wuschelbande.de\/#website"},"primaryImageOfPage":{"@id":"https:\/\/pon-von-der-wuschelbande.de\/?page_id=118#primaryimage"},"image":{"@id":"https:\/\/pon-von-der-wuschelbande.de\/?page_id=118#primaryimage"},"thumbnailUrl":"https:\/\/pon-von-der-wuschelbande.de\/wp-content\/uploads\/2016\/03\/IMG_bonny.jpg","datePublished":"2016-03-02T09:13:08+00:00","dateModified":"2025-09-19T07:34:16+00:00","breadcrumb":{"@id":"https:\/\/pon-von-der-wuschelbande.de\/?page_id=118#breadcrumb"},"inLanguage":"de","potentialAction":[{"@type":"ReadAction","target":["https:\/\/pon-von-der-wuschelbande.de\/?page_id=118"]}]},{"@type":"ImageObject","inLanguage":"de","@id":"https:\/\/pon-von-der-wuschelbande.de\/?page_id=118#primaryimage","url":"https:\/\/pon-von-der-wuschelbande.de\/wp-content\/uploads\/2016\/03\/IMG_bonny.jpg","contentUrl":"https:\/\/pon-von-der-wuschelbande.de\/wp-content\/uploads\/2016\/03\/IMG_bonny.jpg","width":1573,"height":1185},{"@type":"BreadcrumbList","@id":"https:\/\/pon-von-der-wuschelbande.de\/?page_id=118#breadcrumb","itemListElement":[{"@type":"ListItem","position":1,"name":"Startseite","item":"https:\/\/pon-von-der-wuschelbande.de\/"},{"@type":"ListItem","position":2,"name":"Unsere PON","item":"https:\/\/pon-von-der-wuschelbande.de\/?page_id=10"},{"@type":"ListItem","position":3,"name":"Bonny vom Trappenberg"}]},{"@type":"WebSite","@id":"https:\/\/pon-von-der-wuschelbande.de\/#website","url":"https:\/\/pon-von-der-wuschelbande.de\/","name":"PON von der Wuschelbande","description":"PON Welpen Polski Owczarek Nizinny APH \/ VDH \/  FCI","potentialAction":[{"@type":"SearchAction","target":{"@type":"EntryPoint","urlTemplate":"https:\/\/pon-von-der-wuschelbande.de\/?s={search_term_string}"},"query-input":{"@type":"PropertyValueSpecification","valueRequired":true,"valueName":"search_term_string"}}],"inLanguage":"de"}]}},"jetpack_sharing_enabled":true,"_links":{"self":[{"href":"https:\/\/pon-von-der-wuschelbande.de\/index.php?rest_route=\/wp\/v2\/pages\/118","targetHints":{"allow":["GET"]}}],"collection":[{"href":"https:\/\/pon-von-der-wuschelbande.de\/index.php?rest_route=\/wp\/v2\/pages"}],"about":[{"href":"https:\/\/pon-von-der-wuschelbande.de\/index.php?rest_route=\/wp\/v2\/types\/page"}],"author":[{"embeddable":true,"href":"https:\/\/pon-von-der-wuschelbande.de\/index.php?rest_route=\/wp\/v2\/users\/1"}],"replies":[{"embeddable":true,"href":"https:\/\/pon-von-der-wuschelbande.de\/index.php?rest_route=%2Fwp%2Fv2%2Fcomments&post=118"}],"version-history":[{"count":17,"href":"https:\/\/pon-von-der-wuschelbande.de\/index.php?rest_route=\/wp\/v2\/pages\/118\/revisions"}],"predecessor-version":[{"id":1857,"href":"https:\/\/pon-von-der-wuschelbande.de\/index.php?rest_route=\/wp\/v2\/pages\/118\/revisions\/1857"}],"up":[{"embeddable":true,"href":"https:\/\/pon-von-der-wuschelbande.de\/index.php?rest_route=\/wp\/v2\/pages\/10"}],"wp:featuredmedia":[{"embeddable":true,"href":"https:\/\/pon-von-der-wuschelbande.de\/index.php?rest_route=\/wp\/v2\/media\/287"}],"wp:attachment":[{"href":"https:\/\/pon-von-der-wuschelbande.de\/index.php?rest_route=%2Fwp%2Fv2%2Fmedia&parent=118"}],"curies":[{"name":"wp","href":"https:\/\/api.w.org\/{rel}","templated":true}]}}

<p><img loading="lazy" decoding="async" class="alignnone size-full wp-image-137" src="http://pon-von-der-wuschelbande.de/wp-content/uploads/2016/02/bonny_collage.jpg" alt="bonny_collage" width="2600" height="2075" srcset="https://pon-von-der-wuschelbande.de/wp-content/uploads/2016/02/bonny_collage.jpg 2600w, https://pon-von-der-wuschelbande.de/wp-content/uploads/2016/02/bonny_collage-300x239.jpg 300w, https://pon-von-der-wuschelbande.de/wp-content/uploads/2016/02/bonny_collage-768x613.jpg 768w, https://pon-von-der-wuschelbande.de/wp-content/uploads/2016/02/bonny_collage-1024x817.jpg 1024w, https://pon-von-der-wuschelbande.de/wp-content/uploads/2016/02/bonny_collage-1200x958.jpg 1200w" sizes="auto, (max-width: 706px) 89vw, (max-width: 767px) 82vw, 740px" /></p>
<p>Für immer und ewig in unser aller Herzen, <strong>unser</strong> <strong>Sonnenschein</strong> und <strong>Seelenhund Bonny</strong>, manchmal auch nur <strong>PON oder Fuchur</strong> genannt, ging 2015 mit 16 Jahren über die Regenbogenbrücke. Wir vermissen sie immer noch &#8211; so sehr!</p>
<p>Bonny vom Trappenberg &#8211; geb: 14.03.99, schwarz/weiß, HD -A, SH: 44 cm, Herzuntersuchung o.b.B &#8211; unsere süße Omi, sie begleitete uns <strong>über 16 Jahre.</strong> Sie hatte 2 Würfe, die sie überschwänglich versorgte, den <strong>A und B-Wurf</strong>. Die vielen Jahre begleitete sie uns als Familienhund, Therapiebegleithund und konnte in die Rettungshundearbeit schnuppern. Sie war eine sehr offene Hündin, die immer jeden Menschen sofort liebte und auch im Seniorenwohnheim ein gern gesehener Gasthund war.</p>
<ul>
<li>Das stolze Alter von über 16 Jahren gab Bonny an einige ihrer Kinder weiter, so durften auch Tochter Amy über 16 Jahre alt werden. Viele Nachkommen von Bonny und Amy wurden knapp 16 Jahre alt, wie Bommer, Bina-Nele.  Cuma durfte 16 Jahre 3 Monate alt werden. Alle Nachkommen hatten beste gesundheitliche Ergebnisse.</li>
</ul>
<p><strong>Vater: Django vom Sonnenhügel (VDH/APH), Mutter: Yessika von der Rabenleite</strong></p>

<p>Für immer und ewig in unser aller Herzen, unser Sonnenschein und Seelenhund Bonny, manchmal auch nur PON oder Fuchur genannt, ging 2015 mit 16 Jahren über die Regenbogenbrücke. Wir vermissen sie immer noch &#8211; so sehr! Bonny vom Trappenberg &#8211; geb: 14.03.99, schwarz/weiß, HD -A, SH: 44 cm, Herzuntersuchung o.b.B &#8211; unsere süße Omi, sie &hellip; </p>
<p class="link-more"><a href="https://pon-von-der-wuschelbande.de/?page_id=118" class="more-link"><span class="screen-reader-text">„Bonny vom Trappenberg“</span> weiterlesen</a></p>

<!-- This site is optimized with the Yoast SEO plugin v24.4 - https://yoast.com/wordpress/plugins/seo/ -->
<title>Bonny vom Trappenberg - PON von der Wuschelbande</title>
<meta name="robots" content="index, follow, max-snippet:-1, max-image-preview:large, max-video-preview:-1" />
<link rel="canonical" href="https://pon-von-der-wuschelbande.de/?page_id=118" />
<meta property="og:locale" content="de_DE" />
<meta property="og:type" content="article" />
<meta property="og:title" content="Bonny vom Trappenberg - PON von der Wuschelbande" />
<meta property="og:description" content="Für immer und ewig in unser aller Herzen, unser Sonnenschein und Seelenhund Bonny, manchmal auch nur PON oder Fuchur genannt, ging 2015 mit 16 Jahren über die Regenbogenbrücke. Wir vermissen sie immer noch &#8211; so sehr! Bonny vom Trappenberg &#8211; geb: 14.03.99, schwarz/weiß, HD -A, SH: 44 cm, Herzuntersuchung o.b.B &#8211; unsere süße Omi, sie &hellip; „Bonny vom Trappenberg“ weiterlesen" />
<meta property="og:url" content="https://pon-von-der-wuschelbande.de/?page_id=118" />
<meta property="og:site_name" content="PON von der Wuschelbande" />
<meta property="article:modified_time" content="2025-09-19T07:34:16+00:00" />
<meta property="og:image" content="https://pon-von-der-wuschelbande.de/wp-content/uploads/2016/03/IMG_bonny.jpg" />
	<meta property="og:image:width" content="1573" />
	<meta property="og:image:height" content="1185" />
	<meta property="og:image:type" content="image/jpeg" />
<meta name="twitter:card" content="summary_large_image" />
<meta name="twitter:label1" content="Geschätzte Lesezeit" />
	<meta name="twitter:data1" content="2 Minuten" />
<script type="application/ld+json" class="yoast-schema-graph">{"@context":"https://schema.org","@graph":[{"@type":"WebPage","@id":"https://pon-von-der-wuschelbande.de/?page_id=118","url":"https://pon-von-der-wuschelbande.de/?page_id=118","name":"Bonny vom Trappenberg - PON von der Wuschelbande","isPartOf":{"@id":"https://pon-von-der-wuschelbande.de/#website"},"primaryImageOfPage":{"@id":"https://pon-von-der-wuschelbande.de/?page_id=118#primaryimage"},"image":{"@id":"https://pon-von-der-wuschelbande.de/?page_id=118#primaryimage"},"thumbnailUrl":"https://pon-von-der-wuschelbande.de/wp-content/uploads/2016/03/IMG_bonny.jpg","datePublished":"2016-03-02T09:13:08+00:00","dateModified":"2025-09-19T07:34:16+00:00","breadcrumb":{"@id":"https://pon-von-der-wuschelbande.de/?page_id=118#breadcrumb"},"inLanguage":"de","potentialAction":[{"@type":"ReadAction","target":["https://pon-von-der-wuschelbande.de/?page_id=118"]}]},{"@type":"ImageObject","inLanguage":"de","@id":"https://pon-von-der-wuschelbande.de/?page_id=118#primaryimage","url":"https://pon-von-der-wuschelbande.de/wp-content/uploads/2016/03/IMG_bonny.jpg","contentUrl":"https://pon-von-der-wuschelbande.de/wp-content/uploads/2016/03/IMG_bonny.jpg","width":1573,"height":1185},{"@type":"BreadcrumbList","@id":"https://pon-von-der-wuschelbande.de/?page_id=118#breadcrumb","itemListElement":[{"@type":"ListItem","position":1,"name":"Startseite","item":"https://pon-von-der-wuschelbande.de/"},{"@type":"ListItem","position":2,"name":"Unsere PON","item":"https://pon-von-der-wuschelbande.de/?page_id=10"},{"@type":"ListItem","position":3,"name":"Bonny vom Trappenberg"}]},{"@type":"WebSite","@id":"https://pon-von-der-wuschelbande.de/#website","url":"https://pon-von-der-wuschelbande.de/","name":"PON von der Wuschelbande","description":"PON Welpen Polski Owczarek Nizinny APH / VDH /  FCI","potentialAction":[{"@type":"SearchAction","target":{"@type":"EntryPoint","urlTemplate":"https://pon-von-der-wuschelbande.de/?s={search_term_string}"},"query-input":{"@type":"PropertyValueSpecification","valueRequired":true,"valueName":"search_term_string"}}],"inLanguage":"de"}]}</script>
<!-- / Yoast SEO plugin. -->

Für immer und ewig in unser aller Herzen, unser Sonnenschein und Seelenhund Bonny, manchmal auch nur PON oder Fuchur genannt, ging 2015 mit 16 Jahren über die Regenbogenbrücke. Wir vermissen sie immer noch &#8211; so sehr! Bonny vom Trappenberg &#8211; geb: 14.03.99, schwarz/weiß, HD -A, SH: 44 cm, Herzuntersuchung o.b.B &#8211; unsere süße Omi, sie &hellip; „Bonny vom Trappenberg“ weiterlesen
